 the greatest common divisor of 19 and k?
19
Let v(g) = 29*g**3 + 5*g**2 - 16*g + 15. Let w be v(3). What is the highest common divisor of 159 and w?
159
Let w be (-1 - 605)/(46/((-184)/6)). Calculate the greatest common divisor of w and 11413.
101
Let n be (-6)/(-2) + (3 - 5). Suppose -2650*m - 147 = -2669*m + 176. Calculate the greatest common factor of n and m.
1
Let q be 10/2*(-264)/(-30). Let r(c) = -2*c**2 + 3*c + 4. Let z be r(0). Suppose 79 = z*y - 361. What is the greatest common factor of q and y?
22
Let o be 3646/14 - 60/140. What is the highest common factor of o and 7150?
130
Suppose 185 = 3*u + z, 72*u - 59 = 71*u + z. What is the greatest common factor of u and 29951?
61
Let w = 19 - -22. Let r = 1321 - 870. Calculate the highest common factor of w and r.
41
Suppose -z = 2*c - 1434, 8*c = 10*c - 2*z - 1422. Let q = 316 + -186. What is the greatest common divisor of q and c?
65
Suppose r + 20 = -3*r, -2*q = -5*r - 1049. Suppose -15*i + 17*i - q = 0. What is the highest common divisor of i and 16?
16
Let r be 211 + -1 - 6/3. Let g = -1499 - -1525. What is the greatest common factor of r and g?
26
Let b(s) = 1277*s**2 - 39*s - 137. Let v be b(-3). Calculate the highest common factor of 154 and v.
77
Suppose -4*x - 2*f + 18288 = 0, 2*x + 22*f - 24*f = 9168. What is the highest common factor of 26 and x?
26
Suppose 37496 = 65*t - 164524. Let x be ((0 - 1) + -2)*t/(-252). Calculate the highest common factor of x and 1369.
37
Let n(r) = -2*r + 56. Let q(v) = -10*v - 3 + 29*v + v**2 + 51. Let a be q(-16). Let f be n(a). What is the greatest common factor of 7 and f?
7
Let a = 15575 + 335. What is the highest common factor of a and 172?
86
Suppose c = 3*c - j - 18, -4*j - 18 = -2*c. Suppose c*h + 462 = 10*h. What is the highest common factor of h and 42?
42
Suppose 576 - 72 = -8*l. Let i be (l/12)/(-1*12/160). What is the highest common divisor of i and 140?
70
Let n = 76 + -16. Let b(y) = -y**3 - 29*y**2 + 30*y + 60. Let c be b(-30). What is the greatest common factor of c and n?
60
Let w = 8498 + -7133. Calculate the highest common divisor of 420 and w.
105
Let k be (-2)/7 - 100/(-7). Let b be (-64)/112 + (-56)/49*-74. Calculate the highest common divisor of b and k.
14
Suppose -171*r + 18 = -174*r. Let w(y) = 0*y**2 + 0*y**2 + 17*y + 3*y**2 + 3. Let b be w(r). Calculate the highest common divisor of b and 63.
9
Suppose -2*j - 3*j = 4*z - 440, 220 = 2*z + 7*j. Suppose -3*i + 2*i = -4*a + 109, -4*a + z = -2*i. Calculate the greatest common factor of 81 and a.
27
Let m = -343 + 347. Suppose -3*z - 3*u + 321 = 2*u, -m*z - u = -411. What is the greatest common factor of z and 255?
51
Let h(s) = -3*s**2 + 215*s - 763. Let a be h(67). Let l be 1/((-2)/28*-2). What is the greatest common factor of a and l?
7
Let r = -34 + 34. Suppose 2*y + 2*y = r. Let h = 5 - y. Calculate the greatest common divisor of h and 5.
5
Let w = 12362 + -12307. What is the greatest common factor of 21120 and w?
55
Let w = -956 + 12528. What is the highest common factor of 44 and w?
44
Let g(f) = -2951*f + 1000. Let n be g(-2). What is the greatest common divisor of 34 and n?
34
Suppose -3*s = m + 12, 4*m - 3*m - 4 = s. Let c be (m + -1 + -2)*(2 + -15). What is the highest common factor of c and 52?
13
Let r = 57 - 70. Let u be (2 - r) + -1 + 7/7. Suppose 0*q + 300 = 4*q. Calculate the greatest common divisor of u and q.
15
Let d = -8 + 9. Let n be (-3)/(12/(-40)) + d. Suppose -19*h + 6 + 13 = 0. Calculate the highest common factor of h and n.
1
Let q(n) = 6 - 13 - 29*n - 2*n**3 - 22*n**2 - 18. Let o be q(-10). What is the highest common factor of 455 and o?
65
Let v be (1 + 18272/40)*5. Calculate the highest common factor of v and 3.
3
Suppose y + 519 = -407. Let m = y - -1336. What is the highest common divisor of 41 and m?
41
Suppose 0 = -5*s - 117 + 127, -4*s = -2*b + 80. Calculate the greatest common divisor of 1244 and b.
4
Let t = -54 + 59. Suppose t*p = 4*a + 390, 0 = 4*p + 6*a - 3*a - 281. What is the greatest common divisor of 111 and p?
37
Suppose -5*u - 5*r - 45 = 0, -3 = -4*r + 3*r. Let a(w) = -27*w - 1. Let j be a(1). Let v be (-380)/j - u/28. What is the greatest common factor of 182 and v?
14
Let q = 151 - 79. Let c = q - 72. Suppose c = -3*a - 172 + 799. What is the greatest common divisor of 19 and a?
19
Suppose 40*p - 3900 + 701 = 961. Calculate the greatest common factor of p and 7644.
52
Suppose -930*a = -919*a - 1408. Calculate the highest common factor of 272 and a.
16
Let n = 19849 + -19831. What is the greatest common factor of 498 and n?
6
Suppose -66*f + 25483 = -1181. Calculate the highest common factor of f and 1515.
101
Let h(o) = 1178*o + 171. Let l be h(4). Calculate the greatest common factor of l and 38.
19
Let b be 9/(-15) - ((-17901)/85 + 22). Calculate the greatest common factor of b and 42.
2
Suppose -2*b = 3*z - 9, b + 8*z - 13*z + 15 = 0. Suppose -i + 4*g + 585 + 149 = b, -2991 = -4*i + 5*g. What is the greatest common divisor of i and 26?
26
Suppose 2*p = -8*q + 4*q - 32, 5*p + 68 = 2*q. Let w be (280/15)/p - 598/(-3). Calculate the greatest common factor of w and 22.
22
Suppose -5*a - 7760 = -5*u, 224*u - 219*u = 4*a + 7752. What is the greatest common factor of 8 and u?
8
Suppose 278*u + 65 = 283*u. Let x be 354/(-12)*-4 - (-2)/(-2). What is the greatest common divisor of u and x?
13
Let o = -401 - -667. Suppose -18*h + 11*h + o = 0. What is the highest common divisor of h and 418?
38
Let b(l) = l**3 + 3*l**2 - 8*l + 1. Let o be b(-5). Let i be (-20)/(-6) - (-4)/6. Let q = i - o. What is the highest common divisor of 143 and q?
13
Suppose 0 = 4*x + j - 14, 0 = 4*x - 0*j + 3*j - 18. Let n be 4797/30 + ((-155)/(-50) - x). What is the greatest common divisor of 360 and n?
40
Suppose -2*i = 2*i + 5*h - 4400, -3300 = -3*i - 5*h. Suppose i = -2*k + 4*k + 3*z, 0 = 2*k - 4*z - 1072. Calculate the greatest common factor of 34 and k.
34
Let l = 64 + -40. Let v be ((-546)/l)/((-4)/16) + -1. What is the greatest common factor of 144 and v?
18
Let g be -2*(11/22)/((-3)/51). What is the greatest common factor of g and 1717?
17
Let i = -22012 - -22062. What is the highest common factor of 410 and i?
10
Let x be (-2)/13 + 158328/936. Calculate the greatest common factor of 221 and x.
13
Suppose 4*w + 23*w = 5*w + 158070. Calculate the greatest common factor of 15 and w.
15
Let d = -34 - -37. Suppose 5*a - 9*a = -2*n + 44, 0 = d*n + a - 59. What is the highest common divisor of n and 140?
20
Suppose 16*k = -33 + 113. Suppose 810 = m + 2*m. Suppose 45 = 7*x - m. Calculate the greatest common factor of k and x.
5
Suppose 0 = 229*i - 251*i + 990. Suppose -352 + 100 = -4*h. Calculate the greatest common divisor of i and h.
9
Suppose -3*p = 2*o - 17, -13*o = -2*p - 14*o + 11. What is the highest common divisor of p and 57?
1
Let a = 440 + -272. Suppose 2*o = -0*o + 10. Suppose o + 23 = 2*r. Calculate the greatest common divisor of r and a.
14
Let d be 6/30 + (-34868)/(-10). Calculate the greatest common factor of d and 11.
11
Let a be 12/(-21) + (-4)/(-7). Let l = a - -2. Let z be -24 + 32 + 8/4. What is the highest common divisor of z and l?
2
Let o = 313 - 124. Suppose -34*d + 25*d + o = 0. What is the highest common divisor of d and 7?
7
Suppose -4*s + 4399 = 4*i + 1811, i = -3*s + 1951. What is the highest common divisor of s and 12?
4
Let s be -4*((-14)/8 - -1). Let f(u) = -u**2 + 71*u - 1147. Let k be f(25). Calculate the greatest common divisor of s and k.
3
Suppose 0 = -10*c + 5*c + 15, n - 4*c = -9. Suppose 0*x + x + 168 = n*q, -3*q = -2*x - 165. Calculate the highest common divisor of q and 38.
19
Let c(r) = r**3 - 68*r**2 - 136*r - 448. Let v be c(72). What is the highest common factor of v and 256?
256
Suppose -22046 + 1806 = -29*s + 1771. What is the highest common factor of 483 and s?
69
Let s(h) = 39*h + 396. Let k be s(-4). Let j = 43 - 13. What is the highest common divisor of k and j?
30
Let g be (12/(-3) - -2)*-12. Let w(j) = 5*j**2 + 52*j + 37. Let v be w(-10). Let f = g - v. Calculate the highest common factor of f and 28.
7
Suppose 0 = 28*d - 20*d + 1616. Let k = 458 + d. What is the greatest common divisor of 16 and k?
16
Let m = 424 + -160. Suppose 6*o = 2*o + m. Suppose -64 = -o*a + 65*a. What is the greatest common 